 Let k be (-726)/(-15) + (-4)/x. Suppose 0 = -3*o - o + k. What are the prime factors of o?
2, 3
Suppose 3*j - y - 14 = 0, -6 = -2*j - 5*y + 4*y. Suppose j*r - 104 + 24 = 0. List the prime factors of r.
2, 5
Suppose -z + 1 = -3. Let c = 0 + z. Suppose -50 + 14 = -c*o. List the prime factors of o.
3
Let p(n) = 2*n**2 - 3*n. Let t = -11 + 16. Let c be t + (-2 - 0/(-3)). List the prime factors of p(c).
3
Let x be (-1 + -3)*(-2 - -1). Let u be 2/x*-2 + -1. Let o = u - -7. List the prime factors of o.
5
Suppose -4*k + 8 + 8 = 0. Let n be ((-2)/3)/(k/(-12)). Suppose -n*j + 25 = 3*j. List the prime factors of j.
5
Suppose 5*g = g. Suppose -5*c - 33 - 2 = g. Let k(l) = l**3 + 7*l**2 - 3*l - 9. List the prime factors of k(c).
2, 3
Let j(v) = -5*v - 1. List the prime factors of j(-6).
29
Let w(j) = 6*j - 3. Let u(m) = -12*m + 5. Let l(o) = 4*u(o) + 7*w(o). List the prime factors of l(-3).
17
Let w be ((-10)/1)/(6 - 4). Let x = w - -7. List the prime factors of x.
2
Suppose -3*x + x - 16 = 0. Let b be (2 - 3) + -1*4. Let r = b - x. What are the prime factors of r?
3
Suppose -7*w = -362 - 1976. List the prime factors of w.
2, 167
Let w = 8 - -69. Let i = w + -34. What are the prime factors of i?
43
Suppose 8*p - 10*p + 180 = 0. What are the prime factors of p?
2, 3, 5
What are the prime factors of 4/12*9/(-6)*-202?
101
Suppose -3 + 4 = -x. Let k(f) = -15*f + 1. List the prime factors of k(x).
2
Let d = -45 - -64. Let c = d - 4. Let y = c - 7. What are the prime factors of y?
2
Suppose 2*l - 375 = -k + 5*l, -4*k = -l - 1544. What are the prime factors of k?
3, 43
Suppose 4*x + z + 0*z - 57 = 0, -42 = -3*x - z. Suppose 2*v - v + 5*o = -x, 2*v = -o + 15. List the prime factors of v.
2, 5
Let c be 68/((-2)/(-5)*1). Suppose -4*f - f + c = 0. List the prime factors of f.
2, 17
Suppose -1 = -j + 4. List the prime factors of j.
5
Suppose -2*d = 6, -4*c + 2 = -0*c + 2*d. Suppose 3*f + c*f = 75. What are the prime factors of f?
3, 5
Suppose -22 + 2 = -5*x. List the prime factors of x.
2
Let x = 2 - 0. Let r = x - -3. Suppose -4*t - t + 5*c = -35, -r = 5*t + 5*c. What are the prime factors of t?
3
Let t = 534 + -231. List the prime factors of t.
3, 101
Let z = -27 - -55. List the prime factors of z.
2, 7
Let z(q) = 4*q**3 + 2*q**2 + 6*q - 2. Let j = 17 + -12. Let t(l) = -l**3 - l**2 - l. Let m(p) = j*t(p) + z(p). List the prime factors of m(-4).
2, 5
Suppose -2*o + 2*b = -242, 0 = -o + 2*b - 31 + 154. List the prime factors of o.
7, 17
Let n(m) = -m**3 + 10*m**2 - 8*m - 7. Let t be n(9). Suppose t*c + 20 = -2*c, 5*d - 5*c - 185 = 0. Suppose -2*k = -2 - d. What are the prime factors of k?
17
Let d be 66/14 - 6/(-21). Suppose -o - 8 = -d*o. What are the prime factors of 246/12 + (-1)/o?
2, 5
Suppose a + 775 = 3*m - 61, a = 5*m - 1392. What are the prime factors of m?
2, 139
Let a be (-32)/10 - 3/(-15). Let i(z) = -z**2 - 3*z - 3. Let t be i(a). What are the prime factors of 6*(t/(-6))/1?
3
Let i = -2 - -25. What are the prime factors of i?
23
Let i(n) = -n - 25. Let s be i(-20). Let q(w) = 4*w + w**2 - w**3 + 5*w**2 + 2*w**3 + 6. List the prime factors of q(s).
11
Suppose -4*x - 2*o + 15 = -3*x, 0 = -5*o - 5. Let y be (-3)/15 + 12/10. List the prime factors of (-8)/4 + x/y.
3, 5
Suppose -298 = -w + 4*b, 0*b + 3*b = -9. What are the prime factors of w?
2, 11, 13
Suppose -6 = -3*a, -13 = -2*z - 5*a + 1. Suppose -l = -3*m - m - 35, -z*m - 82 = -2*l. What are the prime factors of l?
43
Suppose 0 = 5*i + 5, -3*p = i + 5 - 16. Suppose 5 = 3*a + 2*y, 0 = -4*a + 4*y - 8*y + p. List the prime factors of 2/6 - (-23)/a.
2
Let f(y) = -y**2 + 4*y - 3. Let h be f(4). Let i be (2/h)/((-1)/18). Suppose 2*m - 3*b = i, 2*m - 2*b = -2 + 16. List the prime factors of m.
3
Suppose 2*z - 3 = q, 4*z + 3 = -2*q - 3. Let v(k) = -5*k - 6. List the prime factors of v(q).
3
Let b = 4 + -6. Let z = 8 + b. Suppose z*j = 5*j + 7. What are the prime factors of j?
7
Let u = 36 - 14. Let y(h) = -h**2 - h - 12. Let o be y(0). Let t = o + u. What are the prime factors of t?
2, 5
Let n(o) = 0*o - 2*o - o + o. What are the prime factors of n(-5)?
2, 5
List the prime factors of (4 - -72)/((-1)/(-2)*1).
2, 19
Suppose 0 = -3*l + 14 - 5. Suppose l*v - 212 = -4*q - 82, 2*q - v = 60. What are the prime factors of q?
31
Suppose 0*g = g - 11. Let i = g - 5. List the prime factors of i.
2, 3
Suppose -25 = -5*i + 405. List the prime factors of i.
2, 43
Suppose -y = -28 + 1. What are the prime factors of y?
3
Suppose 0*m - 55 = 5*m. Let d = -6 - m. Let b(l) = l**2 - 5*l + 4. What are the prime factors of b(d)?
2
Let s(z) = -z**2 + 13*z - 13. Suppose -3*j - 15 = -0*j, -7 = 2*t + 5*j. What are the prime factors of s(t)?
23
Let r(g) = -g**3 + g - 4. Let k be r(0). Let c = 20 + k. What are the prime factors of c?
2
Suppose -5*a + 108 = 2*o, 13 = a + 3*o - 6. What are the prime factors of a?
2, 11
Suppose 6 = 3*d - 3. Suppose -144 = -0*v - d*v. What are the prime factors of v?
2, 3
Let j = 6 - 6. Suppose 18 = 3*m - j*m. List the prime factors of m.
2, 3
Suppose -3*w - w + 2*s + 4 = 0, -4*w = s - 10. Let j(n) = -4 + 0*n - 7*n + 2*n**w - n**2. What are the prime factors of j(8)?
2
Let n(f) = -2*f + 11. Let i be n(7). List the prime factors of (2 - i)*(-36)/(-15).
2, 3
Let g = 16 - -3. What are the prime factors of g?
19
Let j = -104 + 145. List the prime factors of j.
41
Let j be 2/6*(12 + 0). Let r(s) = 2*s**2 - 2*s - 4. Let c be r(j). Let u = -8 + c. What are the prime factors of u?
2, 3
Suppose -2*j - 224 = -4*b, -3*b - 3*j + 255 = 78. List the prime factors of b.
3, 19
Let r = 2 + -2. Let j be 5*(r + -3)/(-3). Suppose -2*d - 22 = -j*u, -u = 2*u - 5*d - 17. What are the prime factors of u?
2
Let c = 163 + -22. What are the prime factors of c?
3, 47
Let z(d) = 2*d**2 - d**2 + 0 - 3*d + 7 - 4. List the prime factors of z(3).
3
Let w be (-2)/9 + (-660)/(-54). Let d be (3/(6/(-4)))/(-1). Suppose h + w = d*h. List the prime factors of h.
2, 3
What are the prime factors of (9/6)/(2/60)?
3, 5
Let h(n) be the second derivative of n**6/60 + n**4/8 - n**3/3 + n**2 - 4*n. Let k(g) be the first derivative of h(g). What are the prime factors of k(2)?
2, 5
Let w = -6 + 4. Suppose -102 = -12*q + 15*q. List the prime factors of q*1*w/4.
17
Suppose y = 3*y. Let m(w) = w + 16. What are the prime factors of m(y)?
2
Let z be 25*2/15*3. Let o be ((-12)/z)/(6/(-15)). What are the prime factors of 3*o + -3 + 5?
11
Let g = 258 - 80. What are the prime factors of g?
2, 89
Suppose 2*h + h = 0. Suppose 0 = 5*r - h*r - 95. List the prime factors of r.
19
Let c(a) be the third derivative of -a**5/60 - 7*a**4/24 + a**3/2 + 3*a**2. List the prime factors of c(-7).
3
Let m = 16 - 10. Suppose 0 = 3*c - 4*c + m. What are the prime factors of (-3)/c*6 - -19?
2
Let o be -2*-1*3/6. Suppose 4*l + 39 - o = z, 3*z = -5*l + 148. Let i = 67 - z. List the prime factors of i.
3, 7
Suppose 0 = -4*o + 3*o - 3. List the prime factors of 5/15 + (-35)/o.
2, 3
Let w(u) = -u**3 - 7*u**2 - u + 4. Let j be (-1)/(-5) + 54/5. Let v = 4 - j. What are the prime factors of w(v)?
11
Suppose 5*g + 170 = -0*g. Let l = 49 + g. List the prime factors of l.
3, 5
Let h = 5 + -16. Let r be ((-6)/4)/((-5)/(-70)). Let y = h - r. What are the prime factors of y?
2, 5
Let v(m) = m**2 - 2*m + 3. Let r be v(2). Suppose -z = z - 5*j, -r*z - 3*j = -21. Suppose 3*t - 55 = z. What are the prime factors of t?
2, 5
Let n(g) = -g**2 - 13*g - 6. Suppose -q + 11 = -2*q. Let l be n(q). Suppose 4*p + p - l = -h, 3*h = 2*p + 31. What are the prime factors of h?
11
Suppose 2*b + 2*q + 0*q = 78, 5*b - q = 183. List the prime factors of b.
37
Suppose 4*m - 24 = -2*j, 4*j - 15 = -4*m + 13. Suppose -j = -p + 8. Suppose -v + 2 + p = 0. List the prime factors of v.
2, 3
Let f(o) = o**3 + 6*o**2 + 3*o + 3. List the prime factors of f(-5).
13
Let b(x) = 3*x - 14. Let c be b(-11). Let q = 89 + c. List the prime factors of q.
2, 3, 7
Suppose -3*z - z = -4. What are the prime factors of (-18*z)/(15/(-20))?
2, 3
Suppose -3*z = -z + 2, -6 = -4*f - 2*z. Suppose -26 + f = -4*d. What are the prime factors of (-9)/d*(-4)/3?
2
Let a(p) = -3*p - 1. Suppose -2*t - 3*t = 5. Let x = t - 1. What are the prime factors of a(x)?
5
What are the prime factors of 2 - 0 - (-45 - -2)?
3, 5
Suppose 123 + 27 = 2*j. List the prime 